{"id":445,"date":"2018-11-02T15:50:13","date_gmt":"2018-11-02T14:50:13","guid":{"rendered":"https:\/\/www.cdadomicile.com\/?page_id=445"},"modified":"2018-11-02T20:15:38","modified_gmt":"2018-11-02T19:15:38","slug":"livre-dor","status":"publish","type":"page","link":"https:\/\/www.cdadomicile.com\/index.php\/livre-dor\/","title":{"rendered":"Livre d&rsquo;Or"},"content":{"rendered":"<p>Retrouvez ici les avis des personnes qui nous font confiance.<\/p>\n<p><a href=\"https:\/\/www.cdadomicile.com\/wp-content\/uploads\/2018\/11\/Le-Livre-dOr.png\"><img loading=\"lazy\" decoding=\"async\" class=\"aligncenter wp-image-452 size-full\" src=\"https:\/\/www.cdadomicile.com\/wp-content\/uploads\/2018\/11\/Le-Livre-dOr.png\" alt=\"\" width=\"283\" height=\"300\"><\/a><\/p>\n<div class=\"gwolle-gb\"><div class=\"gwolle_gb_messages_top_container gwolle-gb-messages-top-container\"><\/div>\n\t\t\t<div class=\"gwolle-gb-write-button\">\n\t\t\t\t<input type=\"button\" name=\"gwolle-gb-write-button\" class=\"button btn btn-default \" value=\"\u00c9crire un nouveau message\" aria-expanded=\"false\" \/>\n\t\t\t<\/div>\n\t\t\t<form action=\"#\" method=\"POST\" class=\"gwolle-gb-write gwolle-gb-hide gwolle-gb-float gwolle_gb_form_ajax gwolle-gb-form-ajax gwolle-gb-ajax gwolle-gb-not-logged-in\">\n\t\t\t\t<h3>\u00c9crivez un nouveau message dans le livre d&#39;or<\/h3>\n\t\t\t\t<button type=\"button\" class=\"gb-notice-dismiss\">x<span class=\"screen-reader-text\">Masquer ce formulaire.<\/span><\/button>\n\t\t\t\n\t\t\t\t<input type=\"hidden\" name=\"gwolle_gb_function\" class=\"gwolle_gb_function\" value=\"add_entry\" \/><input type=\"hidden\" name=\"gwolle_gb_book_id\" class=\"gwolle_gb_book_id\" value=\"1\" \/><div class=\"gwolle_gb_25fc7f94f263fcb602708ea99b73f8dc\">\n\t\t\t\t<div class=\"label\"><label for=\"gwolle_gb_25fc7f94f263fcb602708ea99b73f8dc-1\" class=\"text-info\">Nom <span class=\"required\">*<\/span><\/label><\/div>\n\t\t\t\t<div class=\"input\"><input class=\"wp-exclude-emoji gwolle_gb_25fc7f94f263fcb602708ea99b73f8dc\" value=\"\" type=\"text\" id=\"gwolle_gb_25fc7f94f263fcb602708ea99b73f8dc-1\" name=\"gwolle_gb_25fc7f94f263fcb602708ea99b73f8dc\" required \/><\/div>\n\t\t\t\t<div class=\"clearBoth\">&nbsp;<\/div>\n\t\t\t<\/div><div class=\"gwolle_gb_de2fd8d60940742092d8591e7415fa7f\">\n\t\t\t\t<div class=\"label\"><label for=\"gwolle_gb_de2fd8d60940742092d8591e7415fa7f-1\" class=\"text-info\">E-mail <span class=\"required\">*<\/span><\/label><\/div>\n\t\t\t\t<div class=\"input\"><input class=\"gwolle_gb_de2fd8d60940742092d8591e7415fa7f\" value=\"\" type=\"email\" id=\"gwolle_gb_de2fd8d60940742092d8591e7415fa7f-1\" name=\"gwolle_gb_de2fd8d60940742092d8591e7415fa7f\" required \/><\/div>\n\t\t\t\t<div class=\"clearBoth\">&nbsp;<\/div>\n\t\t\t<\/div>\n\t\t\t<div class=\"gwolle_gb_ac05ae252581ec75186525ff8a951d61\" style=\"display:none;overflow:hidden;\" hidden=\"true\" aria-hidden=\"true\">\n\t\t\t\t<div class=\"label\">\n\t\t\t\t\t<label for=\"gwolle_gb_ac05ae252581ec75186525ff8a951d61-1\" class=\"text-primary\">Ne touchez pas \u00e0 ceci<\/label>\n\t\t\t\t\t<label for=\"gwolle_gb_ecb94fe5c4c38ae672b4361010f4ee1f-1\" class=\"text-primary\">Ne touchez pas \u00e0 ceci<\/label>\n\t\t\t\t<\/div>\n\t\t\t\t<div class=\"input\">\n\t\t\t\t\t<input value=\"41\" type=\"text\" id=\"gwolle_gb_ac05ae252581ec75186525ff8a951d61-1\" name=\"gwolle_gb_ac05ae252581ec75186525ff8a951d61\" class=\"gwolle_gb_ac05ae252581ec75186525ff8a951d61\" style=\"transform: translateY(10000px);\" \/>\n\t\t\t\t\t<input value=\"\" type=\"text\" name=\"gwolle_gb_ecb94fe5c4c38ae672b4361010f4ee1f\" id=\"gwolle_gb_ecb94fe5c4c38ae672b4361010f4ee1f-1\" class=\"gwolle_gb_ecb94fe5c4c38ae672b4361010f4ee1f\" style=\"transform: translateY(10000px);\" \/>\n\t\t\t\t<\/div>\n\t\t\t\t<div class=\"clearBoth\"><\/div>\n\t\t\t<\/div>\n\t\t\t<div class=\"gwolle_gb_bce0b81fe6ddb7af98da9bad8251fce4\" style=\"display:none;overflow:hidden;\" hidden=\"true\" aria-hidden=\"true\">\n\t\t\t\t<div class=\"label\">\n\t\t\t\t\t<label for=\"gwolle_gb_bce0b81fe6ddb7af98da9bad8251fce4-1\" class=\"text-primary\">Ne touchez pas \u00e0 ceci<\/label>\n\t\t\t\t\t<label for=\"gwolle_gb_dbb79d67eeb3a58b269194d10b71a394-1\" class=\"text-primary\">Ne touchez pas \u00e0 ceci<\/label>\n\t\t\t\t<\/div>\n\t\t\t\t<div class=\"input\">\n\t\t\t\t\t<input value=\"35059\" type=\"text\" id=\"gwolle_gb_bce0b81fe6ddb7af98da9bad8251fce4-1\" name=\"gwolle_gb_bce0b81fe6ddb7af98da9bad8251fce4\" class=\"gwolle_gb_bce0b81fe6ddb7af98da9bad8251fce4\" style=\"transform: translateY(10000px);\" \/>\n\t\t\t\t\t<input value=\"35059\" type=\"text\"id=\"gwolle_gb_dbb79d67eeb3a58b269194d10b71a394-1\" name=\"gwolle_gb_dbb79d67eeb3a58b269194d10b71a394\" class=\"gwolle_gb_dbb79d67eeb3a58b269194d10b71a394\" style=\"transform: translateY(10000px);\" \/>\n\t\t\t\t<\/div>\n\t\t\t\t<div class=\"clearBoth\"><\/div>\n\t\t\t<\/div><div class=\"gwolle_gb_content\">\n\t\t\t\t<div class=\"label\"><label for=\"gwolle_gb_content-1\" class=\"text-info\">Message du livre d\u2019or <span class=\"required\">*<\/span><\/label><\/div>\n\t\t\t\t<div class=\"input\"><textarea id=\"gwolle_gb_content-1\" name=\"gwolle_gb_content\" class=\"gwolle_gb_content wp-exclude-emoji\" required ><\/textarea><\/div>\n\t\t\t\t\t<div class=\"clearBoth\">&nbsp;<\/div>\n\t\t\t\t<\/div><input type=\"hidden\" class=\"gwolle_gb_80b0d2e3d565ef92b98da545b6f23b8d\" id=\"gwolle_gb_80b0d2e3d565ef92b98da545b6f23b8d-1\" name=\"gwolle_gb_80b0d2e3d565ef92b98da545b6f23b8d\" value=\"3e4025cc93\" \/>\n\t\t\t<div class=\"gwolle_gb_messages_bottom_container gwolle-gb-messages-bottom-container\"><\/div>\n\n\t\t\t<noscript><div class=\"no-js\">Avertissement\u00a0: Ce formulaire ne peut \u00eatre utilis\u00e9 que si JavaScript est activ\u00e9 dans votre navigateur.<\/div><\/noscript>\n\n\t\t\t<div class=\"gwolle_gb_submit\">\n\t\t\t\t<div class=\"label gwolle-gb-invisible text-muted\">&nbsp;<\/div>\n\t\t\t\t<div class=\"input\">\n\t\t\t\t\t<input type=\"submit\" name=\"gwolle_gb_submit\" class=\"gwolle_gb_submit button btn btn-primary \" value=\"Envoyer\" \/>\n\t\t\t\t\t<span class=\"gwolle_gb_submit_ajax_icon\"><\/span>\n\t\t\t\n\t\t\t\t<\/div>\n\t\t\t\t<div class=\"clearBoth\">&nbsp;<\/div>\n\t\t\t<\/div>\n\n\t\t\t<div class=\"gwolle_gb_notice\">\n\t\t\t\tLes champs marqu\u00e9s avec un * sont obligatoires.<br \/>\r\nVotre adresse e-mail ne sera pas publi\u00e9e.<br \/>\r\nIl se pourrait que votre message n\u2019apparaisse dans le livre d\u2019or qu\u2019apr\u00e8s que nous l\u2019ayons v\u00e9rifi\u00e9.<br \/>\r\nNous nous r\u00e9servons le droit de modifier, de supprimer, ou de ne pas publier les messages.\n\t\t\t<\/div><\/form><div class=\"gwolle-gb-read gwolle-gb-ajax gwolle-gb-entries-list\" data-book_id=\"1\" data-page_id=\"1\">\n\t\t<div id=\"gwolle-gb-total\" class=\"gwolle-gb-total\">1 message.<\/div><!-- Gwolle-GB Entry: Default Template Loaded -->\n\t\t\t\t<div class=\"gb-entry gb-entry_2 gb-entry-count_1 gwolle_gb_uneven gwolle-gb-uneven gwolle-gb-first\" id=\"gb-entry_2\" data-entry_id=\"2\">\n\t\t\t\t<article>\n\t\t\t\t\t<div class=\"gb-author-info\">\n\t\t\t\t\t\t<span class=\"gb-author-name\">Antonin\n\t\t\t\t\t\t<\/span>\n\t\t\t\t\t\t<span class=\"gb-datetime\">\n\t\t\t\t\t\t\t<span class=\"gb-date\"><span class=\"gb-date-wrote-text\"> a \u00e9crit le<\/span><span class=\"gb-date-text\"> 30 janvier 2019<\/span>\n\t\t\t\t\t\t\t<\/span><span class=\"gb-time\">\n\t\t\t\t\t\t\t\t\t<span class=\"gb-time-at-text\"> \u00e0<\/span>\n\t\t\t\t\t\t\t\t\t<span class=\"gb-time-text\"> 17 h 52 min<\/span>\n\t\t\t\t\t\t\t\t<\/span>\n\t\t\t\t\t\t<\/span> \n\t\t\t\t\t<\/div>\n\t\t\t\t\t<div class=\"gb-entry-content\">Tr\u00e8s comp\u00e9tent !!!!\r\n\u00c0 l&#039;\u00e9coute !!!!\r\nToujours en qu\u00eate de solutions.\r\nN\u2019h\u00e9site pas \u00e0 se remettre en question au profit de l\u2019int\u00e9r\u00eat de l\u2019\u00e9l\u00e8ve.\n\t\t\t\t\t<\/div>\n\t\t\t\t<\/article>\n\t\t\t<\/div>\n\t\t\t<\/div><\/div>\n<p><a href=\"https:\/\/www.cdadomicile.com\/\">www.cdadomicile.com&nbsp;<\/a><\/p>\n","protected":false},"excerpt":{"rendered":"<p>Retrouvez ici les avis des personnes qui nous font confiance. www.cdadomicile.com&nbsp;<\/p>\n","protected":false},"author":1,"featured_media":0,"parent":0,"menu_order":0,"comment_status":"closed","ping_status":"closed","template":"","meta":{"footnotes":""},"class_list":["post-445","page","type-page","status-publish","hentry"],"aioseo_notices":[],"_links":{"self":[{"href":"https:\/\/www.cdadomicile.com\/index.php\/wp-json\/wp\/v2\/pages\/445","targetHints":{"allow":["GET"]}}],"collection":[{"href":"https:\/\/www.cdadomicile.com\/index.php\/wp-json\/wp\/v2\/pages"}],"about":[{"href":"https:\/\/www.cdadomicile.com\/index.php\/wp-json\/wp\/v2\/types\/page"}],"author":[{"embeddable":true,"href":"https:\/\/www.cdadomicile.com\/index.php\/wp-json\/wp\/v2\/users\/1"}],"replies":[{"embeddable":true,"href":"https:\/\/www.cdadomicile.com\/index.php\/wp-json\/wp\/v2\/comments?post=445"}],"version-history":[{"count":7,"href":"https:\/\/www.cdadomicile.com\/index.php\/wp-json\/wp\/v2\/pages\/445\/revisions"}],"predecessor-version":[{"id":456,"href":"https:\/\/www.cdadomicile.com\/index.php\/wp-json\/wp\/v2\/pages\/445\/revisions\/456"}],"wp:attachment":[{"href":"https:\/\/www.cdadomicile.com\/index.php\/wp-json\/wp\/v2\/media?parent=445"}],"curies":[{"name":"wp","href":"https:\/\/api.w.org\/{rel}","templated":true}]}}